2 + 221*w + 18. List the prime factors of r(5).
2, 3, 1933
Let p(o) = -o**3 + 2*o**2 + 3*o - 2. Let q be p(2). Suppose 0 = -q*y, -5*h + 4310 = -3*y + 1005. List the prime factors of h.
661
Suppose -33626 + 9278 = -12*q. List the prime factors of q.
2029
Suppose 0 = -137*f + 98*f + 136617. List the prime factors of f.
31, 113
Let f(h) = -h**2 + 21*h - 43. Let q(m) = m**3 - 2*m + 3. Let s be q(0). Let w be -2 - (-18)/s*20/6. What are the prime factors of f(w)?
11
Let a be 6/(-18)*0/(-1). Suppose a = -4*y - 4*y + 248. Let f = 131 + y. List the prime factors of f.
2, 3
What are the prime factors of -8*(-361)/152 + 13941?
2, 5, 349
Suppose 12*v = -3*v + 45015. Suppose -l + 58 = -3*b - 945, 3*l - v = b. List the prime factors of l.
2, 5
Suppose 1290 = 5*k + 4*f - 9*f, 0 = -2*k - 2*f + 508. Suppose -70*d - 94*d = 9512. Let o = d + k. List the prime factors of o.
2, 3, 11
Let b(t) = 1 + 1 - 51*t + 149*t**2 + 47*t. Let d be b(1). Suppose 0 = -2*f - 21 + d. List the prime factors of f.
3, 7
Suppose 3*r + 38 = -2*b, -38 = 5*r - 3*r - 5*b. Let u be 220/35 - (-4)/r. Let k(c) = 3*c**3 - 14*c**2 + 5*c - 8. List the prime factors of k(u).
2, 83
Let w be (-1*5)/((-8)/(-1) + -9). Suppose 8*j = 5*v + w*j - 3142, 5*j + 1272 = 2*v. List the prime factors of v.
2, 313
Suppose 3*z - p + 107 = 7*z, 2*z - 37 = 5*p. Suppose s - z = 33. List the prime factors of s.
59
Suppose 0*o = 5*d + 3*o - 167, 5*o - 20 = 0. Suppose -5*v + 219 = -d. Let x = v - -45. List the prime factors of x.
5, 19
Let y be (-3)/15 + 1528/40. Let q = -38 + y. Suppose -14*g + 15*g - 179 = q. List the prime factors of g.
179
Suppose -v = t - 2611, -19*v - 3*t = -17*v - 5223. What are the prime factors of v?
2, 3, 5, 29
Suppose 4*k - 148 = k - 5*u, -2*k + u + 77 = 0. Let z = 6854 + -6717. Let l = z - k. What are the prime factors of l?
2, 3
Let q = 8528 - 2582. List the prime factors of q.
2, 3, 991
What are the prime factors of (7/(-2))/(41/(-50758))?
7, 619
What are the prime factors of (-21 - 931/(-38))*6990?
3, 5, 7, 233
Let d be -3 - 12/(12/4). Let x = d + 38. Suppose x = -2*n + 193. What are the prime factors of n?
3
Suppose 7*s + s - 32 = 0. Suppose -s*m + n = -1319, -2*m + 2*n + 652 = -0*n. List the prime factors of m.
331
Let n(d) = -d**3 + 41*d**2 + 227*d + 67. List the prime factors of n(38).
5, 521
What are the prime factors of 13735*((-96)/60 + 4)?
2, 3, 41, 67
Suppose -19*x = -s - 16*x + 17453, x = -6. List the prime factors of s.
5, 11, 317
Suppose -1512*c = -1503*c - 22986. List the prime factors of c.
2, 1277
Suppose j - 25 = -4*j. Let l(n) be the first derivative of n**3/3 - n**2/2 - 9*n - 25. List the prime factors of l(j).
11
Let c(s) = 8*s - 60. Let w be c(8). Let h be (-27)/(-6) - 2/w. Suppose -5*k = -4*q - 833, -27 = -k + h*q + 146. List the prime factors of k.
3, 5, 11
Let w(g) = 779*g**2 + 328*g + 1580. List the prime factors of w(-5).
5, 11, 353
Let v(s) be the third derivative of -11*s**6/360 - s**5/40 - s**4/2 + 21*s**2. Let p(a) be the second derivative of v(a). List the prime factors of p(-10).
7, 31
Let p be (-2)/(-6) + (-11256)/(-9). Suppose p = 11*u - 3963. Suppose 2*j + 799 = 5*c, 2*c = -c + 3*j + u. What are the prime factors of c?
7, 23
Let p = 69913 + -32763. What are the prime factors of p?
2, 5, 743
Let z(s) = -s**3 - s. Let w(d) = -4*d**3 + 15*d**2 - 3*d - 2. Let g(a) = -w(a) + 3*z(a). Let y be g(15). List the prime factors of y/((-6)/(-141) - 0).
47
What are the prime factors of 7289 + (-4)/(-6) + (-8)/(24/11)?
2, 3643
Let v = 17 + 31. Suppose -390 = 42*m - v*m. What are the prime factors of m?
5, 13
Let v be (-7)/(-7) - (-5 + 2). Suppose 2*x = m - 64, -v*x - 3 + 11 = 0. Let t = m - -21. What are the prime factors of t?
89
Let d be (9/4)/((-66)/(-1408)). What are the prime factors of ((-121)/2)/(-2*4/d)?
3, 11
Let i = 88 - 83. Suppose 10*b + 284 = 5*b + 3*q, 4*b = i*q - 222. Let v = 335 + b. List the prime factors of v.
277
Let h = 22 + -78. Suppose 534 = 6*p + 54. Let c = h + p. List the prime factors of c.
2, 3
Let x be (-20625)/(-88) + 87/24 + -4. Suppose x = -5*u + 324. List the prime factors of u.
2, 3
Let q(y) = -3*y**2 - 2*y + 1. Let z be q(2). Let n be 1/3 - ((-202)/6 + -1). Let c = n + z. What are the prime factors of c?
2, 5
Let t(k) = 502*k**3 - 15*k**2 + 37*k - 7. List the prime factors of t(4).
32029
Suppose -2*a = -3*a + 4. Let h(x) = 2*x**3 + 7 - 293*x**2 - 2*x + 291*x**2 - 2 + 8. List the prime factors of h(a).
101
Let u be ((12/(-3))/(-4))/1. Let j(i) = -i + 1. Let m(c) = -c**2 + 17*c - 12. Let v(g) = u*m(g) - j(g). List the prime factors of v(6).
59
Suppose 6*i + 2516 = c + 2*i, -c - 4*i = -2540. What are the prime factors of c?
2, 79
Let i(z) = -z**3 - 52*z**2 - 540*z + 56. What are the prime factors of i(-48)?
2, 5, 419
Let u(r) = 32*r**2 + 165*r + 86. List the prime factors of u(-27).
18959
Let m = -1063 + 2926. What are the prime factors of m?
3, 23
Suppose 0 = -2*m + 2*a + 133868, 2072*m - 2073*m + 4*a + 66937 = 0. What are the prime factors of m?
3, 37, 67
Let b be 6 + (1 - (1 + -3 + 4)). Suppose 0 = 4*z + c - 2, b*z - c = c - 4. Let h(n) = -4*n + 8. What are the prime factors of h(z)?
2
Let a = -174 + 428. Suppose 4*u - 2*r = a, 13*r = -3*u + 9*r + 218. What are the prime factors of u?
2, 3, 11
Suppose -15*x + 61*x = 86559 + 258257. List the prime factors of x.
2, 937
Let u be 2/(-2)*(4 + -7). Suppose 0 = -2*i + u*i - 2. Suppose -110 = -i*m + 34. What are the prime factors of m?
2, 3
Let y(c) = -2*c**2 - 52*c + 279. Let a be y(-52). Let t = -1473 - a. List the prime factors of t.
2, 7, 17
Suppose -117*v = -111*v + 24. What are the prime factors of ((-32)/130 + v/26)*-4090?
2, 409
Let i(y) be the first derivative of 7*y**3/3 - 5*y**2/2 + 4*y + 66. What are the prime factors of i(-5)?
2, 3, 17
What are the prime factors of ((-2403)/(-12))/(((-72)/(-8))/108)?
3, 89
Let c be 154*(44/(-8) - -4). Let z = c + 356. What are the prime factors of z?
5
Suppose 92536 = 5*k - 121*u + 125*u, 2*k - 36988 = 5*u. List the prime factors of k.
2, 3, 257
Let p(f) = f**2 - 4*f - 7. Let y be p(8). Suppose -2*o - 39 = -y. List the prime factors of 24 + (-2 - o - 2).
3
Let z(a) = 2*a**2. Let k be z(-1). Suppose 2*h + k*u - 2 = 0, 5*h + 3 = -4*u + 10. List the prime factors of 157 - ((h - 4)*1)/1.
2, 79
Let v(s) = 76*s - 1364. Let i be v(18). Let w(o) = -116*o - 5. Let f be w(-5). Suppose f = i*r - 545. List the prime factors of r.
2, 5, 7
Let v(t) = 14*t**2 - 170*t - 68. List the prime factors of v(28).
2, 29, 53
Let c = 109 + 15. Suppose 2*n - 178 = c. What are the prime factors of n?
151
Let f(a) = 2*a**2 + a + 167. Let w be (8 - -2*(-18)/(-6)) + 3. List the prime factors of f(w).
2, 3, 127
Suppose -1 = -g, -5*g - 83 = -3*f + 14. Let v = f - 29. Suppose y = 3*w - 412, -v*w = y + 3*y - 681. What are the prime factors of w?
137
What are the prime factors of -966*(-25)/5 + 9?
3, 1613
Let a(w) = -2*w**3 - 75*w**2 - 420*w - 46. List the prime factors of a(-46).
2, 23, 1201
Let d(h) = 3412*h - 981. What are the prime factors of d(2)?
5843
Let j = 225 + -213. Suppose 0 = j*k + 3*k - 705. What are the prime factors of k?
47
Let x(l) = 5*l - 8. Suppose 9 = 7*n - 4*n. Let a be x(n). Let v(o) = 7*o + 19. List the prime factors of v(a).
2, 17
Suppose 11*z = 7*z. Suppose z = -4*d - 2*w + w - 60, 3*d + 2*w + 50 = 0. Let b = 88 - d. List the prime factors of b.
2, 3, 17
Suppose -27105 = -o + 3*x, -4*o + 65 = 5*x - 108474. List the prime factors of o.
2, 3, 11, 137
What are the prime factors of 189492/27 - -10 - 8/36?
2, 7, 251
Let s = -7634 - -20111. List the prime factors of s.
3, 4159
Let g(o) = 7*o**2 + 50*o + 41. What are the prime factors of g(21)?
2, 2089
Let u = -7 + 42. Suppose -u*i = -43*i + 1424. List the prime factors of i.
2, 89
Suppose 357*p - 3873795 - 400981 = 16*p. What are the prime factors of p?
2, 1567
Let p = 776 + -1673. Let h = p - -1304. What are the prime factors of h?
11, 37
Let p = -34 + 38. Suppose 5*c = 2*n + 22, p*n + 5 = -n. What are the prime factors of 3/(-3*c/(-72))?
2, 3
Suppose 3*u + u = -3*r + 22, -3*r + 2 = -u. Suppose 3*i = 4*n + 16, -i - 2*n = 12 - u. Suppose 3*v - 125 + 5 = i. List the prime factors of v.
2, 5
Suppose b + 3*z = 6188, -37*z + 35*z = -2*b + 12368. List the prime factors of b.
5, 1237
Suppose -10*g + 18 + 42 = 0. 